 -o**2 - 1. Let q(f) = d(f) - 3*z(f). Determine q(0).
-4
Let t(b) = 51 + b - 181 + 43 + 44 + 45. Give t(-1).
1
Let r(t) = -9*t - 5. Suppose 0*u - 5*u + 4*k - 49 = 0, 0 = 5*u + 5*k + 85. Let z = -9 - u. Let m(f) = -f + 1. Let y(v) = z*m(v) + r(v). Give y(-1).
12
Suppose 4*u = -12, -3*u = -i - 2*i + 21. Let t(c) = -2*c - 30. Let r(m) = -m - 16. Let h(o) = 11*r(o) - 6*t(o). Give h(i).
8
Let i(f) = -39*f**2 - 48*f**2 + 181*f**2 - 10 - 46*f**2 - 47*f**2 + 15*f. Calculate i(-10).
-60
Let o(v) = 12*v - 14*v - 6*v - v**2. What is o(-4)?
16
Let v(j) = -3*j - 2*j + 1780 - 892 - 895. Give v(0).
-7
Let v(q) = -3*q**2 - 29*q + 77. Let d(w) = w**2 + 9*w - 25. Let a(g) = -19*d(g) - 6*v(g). What is a(6)?
-5
Let q(u) = -u - 17. Let d(c) = -2*c**2 - 7*c + 44. Let w be d(4). Determine q(w).
-1
Let x(o) = -6*o + 6. Let z = 2 + 1. Let m(d) = -5*d + 6. Let v(q) = z*x(q) - 4*m(q). Let p be (-2)/11 - ((-6767)/737 + 7 + -2). Calculate v(p).
2
Let m(g) = -2*g - 1. Let s(v) = -10*v - 4. Let t(j) = 16*m(j) - 3*s(j). Let w be (-18)/(-12) - 26/4. Calculate t(w).
6
Let y(b) = -b**3 - 7*b**2 - 8*b - 5. Suppose 2*a + 4*q - 6*q - 18 = 0, q = 2*a - 16. Suppose 28 + a = -7*d. What is y(d)?
-15
Let j(f) = -7 + 3*f - f - 2. Let y be j(7). Let h(m) = 4*m**2 - 5*m + 35. Let s(o) = 7*o**2 - 9*o + 56. Let p(c) = -5*h(c) + 3*s(c). What is p(y)?
8
Let l(z) = 7959*z + 3*z**2 - 7955*z - 9 - 2*z**2. What is l(-8)?
23
Suppose 0 = -c + 68 + 173. Let o(h) = -2 + 5 + 240*h**3 + 2*h - c*h**3. Determine o(-2).
7
Let g be ((-5)/7)/(4/(-28))*(-4 - -3). Let u(l) = -l**2 + 1. Let b(m) = -6*m**2 + 6*m + 6. Let p(n) = -b(n) + 8*u(n). What is p(g)?
-18
Let x(i) = -1 - 40*i + 47*i + 1. Let d be 1/1 - (0 + 2). Determine x(d).
-7
Let c(q) = -3*q**2 + 56*q + 4*q**2 + 52*q - 5 - 102*q. Give c(-8).
11
Let p(o) = -o**2 - 16*o - 26. Suppose 1086*g - 1079*g + 77 = 0. Give p(g).
29
Suppose 0 = -3*l - 5*v - 25, 0*v - 16 = 2*l + 3*v. Let t(r) be the first derivative of r**4/4 + 5*r**3/3 - 7*r + 155. Calculate t(l).
-7
Let f(h) = -h**3 - 5*h**2 + 3*h + 10. Suppose -15 - 40 = 11*d. Calculate f(d).
-5
Let c(g) = -g**2 - 19*g - 16. Suppose -x - 5*t = 43, -32 = x - t - 19. Give c(x).
2
Let o(p) be the first derivative of 4*p**2 + 11*p + 339. Give o(-5).
-29
Let c(v) = v**2 + 16*v + 5. Let j = -1567 + 1552. Give c(j).
-10
Let f(c) = c**2 - 5. Let h be f(0). Let b(r) = -404*r**2 + 10*r + 6. Let v(y) = -173*y**2 + 5*y + 3. Let g(p) = -3*b(p) + 7*v(p). What is g(h)?
3
Let f(w) be the third derivative of -w**6/360 - w**5/120 + w**4/6 - 5*w**3/2 + 17*w**2. Let t(p) be the first derivative of f(p). Calculate t(5).
-26
Let d(f) be the second derivative of 7*f**3/6 - 3*f**2 + 4*f. Let y(z) = -6*z + 5. Let j(t) = 5*d(t) + 6*y(t). Suppose -2*r = -4*r + 12. Determine j(r).
-6
Let u(h) be the third derivative of -1/24*h**4 + 0*h + 5/6*h**3 + 7*h**2 - 1/120*h**6 + 0 + 7/60*h**5. Calculate u(7).
-2
Suppose 3*m + 18 = -0. Let w(f) = f**3 + 10*f**2 - 9*f - 5. Let u(k) be the second derivative of -k**4/12 + 5*k. Let b(q) = 5*u(q) + w(q). Determine b(m).
13
Suppose -2*f = -6 + 8, 5*f = 4*w + 23. Let z(c) = c**3 + 7*c**2 - 3*c - 10. What is z(w)?
11
Let w(v) = v**2 + 7*v + 6. Let b be (15/5)/((-9)/6). Let z be -9 - (-6)/(-4)*b. Determine w(z).
0
Let y(u) be the second derivative of -u**3/2 - u**2 + 592*u. Let d be (4/(-6))/((-6)/27). Let l be ((-6)/d)/(0 + 1). Determine y(l).
4
Let n(x) = -4*x**2 + 3*x + 1. Suppose 9*m - 6*m - z = 7, 2*m + 2*z = 2. Calculate n(m).
-9
Let l(j) = 4*j**2 - 7*j + 5. Let v(b) = -23*b**2 + 36*b - 26. Let n(s) = 11*l(s) + 2*v(s). Calculate n(-3).
0
Let o(f) = 3*f - f + 123 + 123 - 259. Determine o(15).
17
Let q(w) = -w**3 + 13*w**2 - w + 16. Let g = -64 + 77. Give q(g).
3
Let w(f) be the third derivative of f**5/60 - f**4/6 - 9*f**2. Suppose x = 2 + 3, h = x. Give w(h).
5
Let x(r) = -7*r - 2. Let y(o) = -7*o - 1. Let n(w) = -2*x(w) + 3*y(w). Let q = 80 - 57. Let k = 24 - q. Give n(k).
-6
Let i be 3/(-7) + 496/112 + -3. Let z(h) = 24*h**2 - h - 1. Give z(i).
22
Let d(p) = 5*p - 3. Suppose -122 = 8*i - 90. What is d(i)?
-23
Let y(r) = -3*r**3 + 5*r**2 + 14*r + 4. Let f(z) = 2*z**3 - 3*z**2 - 9*z - 3. Let l(p) = -7*f(p) - 5*y(p). What is l(5)?
-9
Let u(c) = -c + 13. Let i be u(9). Suppose -i*b = -2*b. Suppose b = -5*k - 4 - 6. Let o(s) = 2*s**3 + 2*s**2 + 2*s. Determine o(k).
-12
Let u be (-1)/((-16)/(-6) - 3). Let w(s) = 4 - 9 - u*s + 0*s. Suppose 5*x - y + 16 = x, -4*x - 16 = -3*y. Calculate w(x).
7
Let q(y) = -y**2 + 6*y - 7. Let n be (13/((-39)/24))/(-1*2). Let w be q(n). Let a(i) = -6*i**3. Determine a(w).
-6
Let q(w) be the first derivative of w**2/2 + 9*w - 119. Determine q(-6).
3
Suppose 24 = 5*j + j. Let o be 3 + -4 - (-24)/j. Suppose -5*l = -3*y - o, 0 = 5*y - y + l + 22. Let v(u) = 2*u + 1. Give v(y).
-9
Let u(w) = 44*w + 29. Let l(o) = 27*o + 19. Let a(i) = -8*l(i) + 5*u(i). Determine a(-3).
-19
Let m(b) be the third derivative of -b**6/180 - b**5/40 + b**4/12 + 5*b**3/3 - 2*b**2 + 7*b. Let y(z) be the first derivative of m(z). Calculate y(-4).
-18
Let s(z) = -2*z**3 - 4*z**2 - z - 4. Let b be (-6)/(-4)*(10 + -22 + 10). What is s(b)?
17
Let j(u) be the first derivative of -u**3/3 + 9*u**2/2 - 9*u + 138. Calculate j(7).
5
Let a(g) be the second derivative of -g**4/6 - g**3/2 + 2*g**2 + 54*g. What is a(-4)?
-16
Let u be (1 - 2)*(-6)/3. Let n(o) = -3*o - 8 + 0*o + 3*o - u*o. Give n(-7).
6
Let f(z) = -z + 6. Let p be f(3). Let j(u) = -4 - 6*u**2 - 5*u + 0*u**3 - 7*u**p + 6*u**3 + 12*u. Determine j(-7).
-4
Let n(s) = -s**3 - 9*s**2 + 22*s - 3. Let x(z) = -30*z + 439. Let i be x(15). What is n(i)?
-3
Let l(u) = 11*u**3 - 17*u**2 - 26*u + 71. Let d(b) = 5*b**3 - 8*b**2 - 13*b + 35. Let t(a) = 9*d(a) - 4*l(a). What is t(5)?
-9
Suppose 3*r = 2*r - 8. Let a be (r/24)/(1/(-12)). Let d(v) = 0 + v + 2 + 4 - a. What is d(-3)?
-1
Let m(f) = f - 5. Let d be m(8). Let s(n) = 4 + n**2 - 6*n - n**d - 1 + 5*n**2 - 2. Let p(b) = -b**3 - 11*b**2 + 12*b + 5. Let r be p(-12). Determine s(r).
-4
Let i(y) = y**2 - y. Let w(g) = g**2 - g. Let h(c) = -3*i(c) + 4*w(c). Let q be (13 - 12) + 5 + -1. Suppose 10 = 5*p - u, 2*p + u = -q + 2. What is h(p)?
0
Let x = 0 + -3. Let n(t) = -3*t**2 + 9*t + 2. Let f(j) = -7*j**2 + 19*j + 5. Let c = 5 + -1. Let o(y) = c*f(y) - 9*n(y). What is o(x)?
8
Let t(d) = -d**2 + 14*d + 39. Let a = 522 - 506. Give t(a).
7
Let p(j) = 8*j + 3 + 2 - 9*j + 1. Let m be (-13)/(-3) - 6/(-9). What is p(m)?
1
Let w(t) be the second derivative of -t**3/2 + t**2/2 + 85*t. Give w(4).
-11
Let q(a) = -5*a - 4. Let c be 5/((-20)/(-24)) + (-13 - -5). What is q(c)?
6
Let r(o) = 10 + 4*o - 11*o - 2 + o**2. Let y be r(6). Let q(l) be the first derivative of l**2/2 - l - 2. Determine q(y).
1
Suppose 0 = 5*u - 14 - 11. Let q(j) = 38*j - 25. Let k(s) = -17*s + 12. Let d(v) = -9*k(v) - 4*q(v). Give d(u).
-3
Let b(a) be the first derivative of -a**2/2 - 4*a - 2. Suppose -3*m - 5*c = -13, 0 = 3*m - 12*c + 10*c + 22. Determine b(m).
0
Let c(o) = -o - 2. Suppose -4*p = -12, 2*i = -i - 2*p - 9. Let h be c(i). Let t(m) = -1 + 4*m**3 - 3*m**3 + 0*m + h*m - 2*m**2. What is t(2)?
5
Let p(t) be the second derivative of -t**4/12 - 7*t**3/6 - 5*t**2/2 - 10*t - 3. Determine p(-7).
-5
Let t = 178 - 179. Let c(a) = 9*a**3. Give c(t).
-9
Let b(f) be the second derivative of -f**6/120 - f**5/15 + f**4/12 + f**3 + 19*f**2 - 25*f. Let y(p) be the first derivative of b(p). Give y(-4).
-2
Let b(s) = -s**2 + 3*s + 2. Suppose -4*h + 114 = -3*g, g = -7*h + 3*h + 122. Suppose -4*o = h - 42. What is b(o)?
2
Let l be 2/(-1)*1 - 0. Let j(z) = -6 + z + 13 - 6. Determine j(l).
-1
Let i = 1318 - 1324. Let a(l) be the second derivative of 0*l**2 + 0 + l + l**3 + 1/12*l**4. What is a(i)?
0
Let p(u) be the second derivative of 0 - 1/6*u**3 + 0*u**2 - 4*u. Suppose 0*d + d - 6 = 0. Determine p(d).
-6
Suppose 5*x = h + 2*x - 8, -3*h + 4*x = -14. Let z(b) be the second derivative of 5/2*b**h - 1/3*b**3 - 3*b + 0. Determine z(4).
-3
Let g = -2 + 5. Let q(b) = 2*b - 11*b**2 + 0*b + 1 + b + 7. Let p(i) = 5*i**2 - i - 4. Let r(y) = -13*p(y) - 6*q(y). Calculate r(g).
-2
Let p(a) = 2*a**2 + 2*a + 3. Let m be -63 + 4 - (-2 + 2 + 0). Let y = m + 57. What is p(y)?
7
Suppose 1 = -a - 0*a + l, -4*a + 2*l = 0. Suppose -50 = -3*j - 41. Let u(g) = 2*g**j - 796 + 796. Calcula